1028?
2
What is the thousands digit of 26156?
6
What is the tens digit of 1822?
2
What is the units digit of 72?
2
What is the hundreds digit of 2448?
4
What is the tens digit of 7072?
7
What is the tens digit of 1017?
1
What is the tens digit of 969?
6
What is the tens digit of 61457?
5
What is the tens digit of 2161?
6
What is the hundreds digit of 644?
6
What is the hundreds digit of 3934?
9
What is the units digit of 129798?
8
What is the thousands digit of 2676?
2
What is the thousands digit of 1102?
1
What is the tens digit of 6219?
1
What is the tens digit of 4308?
0
What is the thousands digit of 3594?
3
What is the thousands digit of 22777?
2
What is the thousands digit of 1373?
1
What is the units digit of 10734?
4
What is the tens digit of 1127?
2
What is the thousands digit of 18287?
8
What is the units digit of 9863?
3
What is the tens digit of 357?
5
What is the hundreds digit of 397?
3
What is the units digit of 38902?
2
What is the ten thousands digit of 73841?
7
What is the hundreds digit of 90148?
1
What is the tens digit of 52919?
1
What is the units digit of 6901?
1
What is the units digit of 85681?
1
What is the hundreds digit of 8957?
9
What is the tens digit of 533?
3
What is the ten thousands digit of 26361?
2
What is the ten thousands digit of 70789?
7
What is the units digit of 12876?
6
What is the hundreds digit of 2957?
9
What is the ten thousands digit of 132073?
3
What is the thousands digit of 1683?
1
What is the tens digit of 97034?
3
What is the ten thousands digit of 11188?
1
What is the tens digit of 39153?
5
What is the thousands digit of 15012?
5
What is the tens digit of 735?
3
What is the hundreds digit of 1115?
1
What is the ten thousands digit of 35734?
3
What is the hundreds digit of 43660?
6
What is the units digit of 10041?
1
What is the hundreds digit of 10009?
0
What is the tens digit of 4241?
4
What is the thousands digit of 2391?
2
What is the tens digit of 15134?
3
What is the units digit of 735?
5
What is the thousands digit of 8263?
8
What is the tens digit of 154?
5
What is the tens digit of 5791?
9
What is the units digit of 4855?
5
What is the hundreds digit of 36911?
9
What is the units digit of 12698?
8
What is the tens digit of 344?
4
What is the hundreds digit of 23225?
2
What is the hundreds digit of 4396?
3
What is the tens digit of 2497?
9
What is the tens digit of 146?
4
What is the units digit of 513?
3
What is the tens digit of 9319?
1
What is the thousands digit of 1322?
1
What is the hundreds digit of 9423?
4
What is the tens digit of 8336?
3
What is the tens digit of 775?
7
What is the units digit of 1717?
7
What is the thousands digit of 24397?
4
What is the tens digit of 3472?
7
What is the tens digit of 1750?
5
What is the thousands digit of 3695?
3
What is the units digit of 12272?
2
What is the hundreds digit of 8970?
9
What is the hundreds digit of 395?
3
What is the ten thousands digit of 58386?
5
What is the thousands digit of 7794?
7
What is the tens digit of 2015?
1
What is the thousands digit of 93474?
3
What is the thousands digit of 26236?
6
What is the tens digit of 294?
9
What is the units digit of 64160?
0
What is the units digit of 3?
3
What is the tens digit of 5878?
7
What is the tens digit of 1304?
0
What is the units digit of 1558?
8
What is the hundreds digit of 432?
4
What is the hundred thousands digit of 165816?
1
What is the hundreds digit of 1001?
0
What is the units digit of 109710?
0
What is the thousands digit of 8139?
8
What is the units digit of 580?
0
What is the thousands digit of 21373?
1
What is the ten thousands digit of 15418?
1
What is the units digit of 15084?
4
What is the thousands digit of 6973?
6
What is the hundreds digit of 468?
4
What is the thousands digit of 4959?
4
What is the thousands digit of 6936?
6
What is the tens digit of 588?
8
What is the hundreds digit of 12757?
7
What is the hundreds digit of 128?
1
What is the tens digit of 190?
9
What is the units digit of 2333?
3
What is the units digit of 4392?
2
What is the thousands digit of 53819?
3
What is the units digit of 105?
5
What is the units digit of 13843?
3
What is the thousands digit of 39805?
9
What is the thousands digit of 3057?
3
What is the thousands digit of 61958?
1
What is the hundreds digit of 7717?
7
What is the hundreds digit of 5076?
0
What is the units digit of 18068?
8
What is the hundreds digit of 2069?
0
What is the tens digit of 4055?
5
What is the thousands digit of 131185?
1
What is the tens digit of 2728?
2
What is the tens digit of 972?
7
What is the hundreds digit of 1794?
7
What is the tens digit of 2975?
7
What is the thousands digit of 3799?
3
What is the ten thousands digit of 21948?
2
What is the tens digit of 101417?
1
What is the tens digit of 1339?
3
What is the tens digit of 1821?
2
What is the hundreds digit of 3404?
4
What is the thousands digit of 1299?
1
What is the tens digit of 301?
0
What is the thousands digit of 1007?
1
What is the hundreds digit of 2815?
8
What is the thousands digit of 2192?
2
What is the hundreds digit of 47585?
5
What is the thousands digit of 8878?
8
What is the units digit of 17904?
4
What is the thousands digit of 17650?
7
What is the tens digit of 32?
3
What is the hundreds digit of 554?
5
What is the thousands digit of 17273?
7
What is the thousands digit of 63530?
3
What is the units digit of 754?
4
What is the thousands digit of 85220?
5
What is the thousands digit of 19348?
9
What is the units digit of 14006?
6
What is the tens digit of 23097?
9
What is the ten thousands digit of 127538?
2
What is the tens digit of 1072?
7
What is the hundreds digit of 1051?
0
What is the units digit of 14379?
9
What is the thousands digit of 32982?
2
What is the thousands digit of 133095?
3
What is the hundreds digit of 2182?
1
What is the units digit of 486?
6
What is the ten thousands digit of 33100?
3
What is the hundreds digit of 4924?
9
What is the hundreds digit of 2398?
3
What is the hundreds digit of 958?
9
What is the thousands digit of 32132?
2
What is the units digit of 2123?
3
What is the units digit of 50175?
5
What is the thousands digit of 1267?
1
What is the thousands digit of 33169?
3
What is the tens digit of 2281?
8
What is the hundreds digit of 733?
7
What is the units digit of 45324?
4
What is the hundreds digit of 13539?
5
What is the tens digit of 1976?
7
What is the hundreds digit of 41252?
2
What is the hundreds digit of 56878?
8
What is the tens digit of 12748?
4
What is the units digit of 17656?
6
What is the hundreds digit of 1008?
0
What is the thousands digit of 2238?
2
What is the thousands digit of 4542?
4
What is the tens digit of 7214?
1
What is the units digit of 9624?
4
What is the units digit of 1006?
6
What is the units digit of 510?
0
What is the thousands digit of 10274?
0
What is the tens digit of 82?
8
What is the ten thousands digit of 30342?
3
What is the ten thousands digit of 89067?
8
What is the hundreds digit of 21934?
9
What is the ten thousands digit of 105001?
0
What is the units digit of 180433?
3
What is the tens digit of 2176?
7
What is the thousands digit of 1265?
1
What is the units digit of 1502?
2
What is the tens digit of 8352?
5
What is the hundreds digit of 47147?
1
What is the hundreds digit of 407?
4
What is the hundreds digit of 1991?
9
What is the thousands digit of 4370?
4
What is the thousands digit of 13750?
3
What is the thousands digit of 55498?
5
What is the thousands digit of 1311?
1
What is the thousands digit of 1970?
1
What is the hundreds digit of 7973?
9
What is the thousands digit of 2112?
2
What is the ten thousands digit of 74342?
7
What is the units digit of 4246?
6
What is the hundreds digit of 1442?
4
What is the tens digit of 65422?
2
What is the thousands digit of 1689?
1
What is the tens digit of 1253?
5
What is the ten thousands digit of 21820?
2
What is the units digit of 156?
6
What is the tens digit of 1059?
5
What is the ten thousands digit of 13769?
1
What is the units digit of 22591?
1
What is the thousands digit of 1724?
1
What is the tens digit of 195?
9
What is the tens digit of 23063?
6
What is the hundreds digit of 27124?
1
What is the units digit of 20826?
6
What is the thousands digit of 1836?
1
What is the tho